 the highest common factor of 27105 and 612334476?
5421
Calculate the greatest common divisor of 210485 and 2581.
89
What is the greatest common divisor of 2498 and 536883899?
1249
What is the greatest common divisor of 1203177 and 278913?
1167
What is the greatest common divisor of 800 and 57515960?
40
Calculate the highest common factor of 138161 and 258497.
23
What is the highest common factor of 288781514 and 322?
322
What is the highest common factor of 151636 and 1674676?
668
Calculate the greatest common factor of 8584 and 18323621.
1073
Calculate the greatest common factor of 1149849 and 2257.
37
Calculate the greatest common factor of 1468 and 20897347.
367
What is the highest common factor of 61085025 and 4275?
225
What is the highest common factor of 720392 and 28832?
136
Calculate the greatest common divisor of 13558524 and 1008.
84
What is the greatest common divisor of 758497 and 62707?
859
What is the highest common divisor of 3452 and 206376094?
1726
What is the greatest common factor of 2562 and 2967162?
366
Calculate the greatest common divisor of 4101 and 2725315449.
4101
Calculate the greatest common divisor of 6473206 and 55920.
466
What is the greatest common factor of 122760 and 947364?
132
Calculate the greatest common factor of 62460 and 785205.
45
What is the greatest common divisor of 40178564 and 388?
388
Calculate the greatest common divisor of 2893 and 2457209.
263
Calculate the highest common divisor of 2467985 and 45795.
215
What is the greatest common divisor of 128890 and 8378?
2
What is the highest common divisor of 2538080 and 3674880?
4640
Calculate the greatest common factor of 7549824 and 48.
48
What is the greatest common factor of 30681 and 18662814?
4383
Calculate the greatest common factor of 370049549 and 214.
107
What is the highest common factor of 10604330 and 550?
110
What is the greatest common factor of 9577 and 1291370?
61
Calculate the greatest common divisor of 27 and 5856552.
9
Calculate the highest common divisor of 11526 and 27999.
51
Calculate the highest common factor of 99687 and 376.
47
What is the greatest common divisor of 458724 and 3792?
12
Calculate the highest common divisor of 12549110 and 1190.
70
What is the highest common factor of 23409 and 4248011?
289
What is the highest common factor of 10 and 1588465?
5
What is the greatest common factor of 352 and 813868?
44
Calculate the highest common divisor of 10 and 89466380.
10
What is the greatest common divisor of 6 and 2578377?
3
Calculate the highest common factor of 6252 and 53057077.
521
Calculate the highest common divisor of 193464839 and 1718.
859
Calculate the highest common divisor of 750993 and 126117.
519
What is the highest common factor of 1014 and 1276434?
6
What is the highest common factor of 2332 and 330396?
44
What is the highest common divisor of 27853 and 94552977?
3979
Calculate the greatest common divisor of 324535 and 235.
235
What is the highest common factor of 48932 and 261598?
1882
Calculate the greatest common factor of 133563 and 55071.
633
Calculate the greatest common factor of 10991010 and 36570.
690
What is the greatest common factor of 372 and 20212806?
186
What is the greatest common divisor of 5332 and 87048?
124
Calculate the highest common divisor of 164973003 and 14898.
7449
What is the highest common divisor of 8616 and 20632?
8
Calculate the greatest common divisor of 11424434 and 1064.
266
What is the highest common divisor of 368 and 4300678?
46
Calculate the highest common divisor of 148102 and 2012.
2
Calculate the highest common divisor of 283871 and 257341.
2653
What is the greatest common divisor of 8723 and 100026641?
8723
Calculate the highest common factor of 11470 and 282022066.
2294
Calculate the highest common divisor of 12796 and 9580.
4
What is the greatest common factor of 3948 and 442740?
564
Calculate the highest common factor of 51485281 and 183.
61
Calculate the highest common divisor of 1928 and 21237884.
964
What is the highest common divisor of 41167924 and 5124?
1708
Calculate the greatest common divisor of 11 and 210111.
11
Calculate the highest common factor of 1543320 and 6264.
216
Calculate the highest common divisor of 3816920 and 20720.
1480
Calculate the highest common factor of 135528641 and 34.
17
What is the highest common factor of 318257 and 98940?
1649
Calculate the highest common divisor of 3525 and 32524.
47
Calculate the highest common factor of 159120070 and 50.
10
What is the highest common factor of 90387765 and 8775?
1755
Calculate the greatest common divisor of 229414232 and 6152.
6152
Calculate the greatest common divisor of 88694424 and 936.
936
Calculate the highest common factor of 22412 and 11791.
13
What is the greatest common factor of 1844934 and 2184?
546
What is the highest common factor of 12656 and 16870?
14
What is the highest common divisor of 703 and 18469121?
19
What is the greatest common factor of 396520 and 10580?
460
What is the highest common divisor of 3525634 and 1281?
7
What is the greatest common factor of 11290 and 4735?
5
Calculate the greatest common factor of 42 and 262475976.
42
Calculate the greatest common factor of 58616 and 50285201.
7327
Calculate the greatest common divisor of 2266 and 1517087.
1133
What is the greatest common factor of 946 and 3222549?
473
Calculate the highest common factor of 4221473475 and 23.
23
Calculate the greatest common factor of 840632 and 224908.
236
What is the greatest common factor of 6390 and 5637258?
1278
What is the greatest common divisor of 21830 and 3477778?
74
What is the highest common factor of 22695424 and 304?
304
Calculate the highest common factor of 450755 and 227460.
85
What is the greatest common factor of 417832 and 1280?
8
What is the greatest common factor of 73248 and 8861482?
1526
What is the greatest common divisor of 8182103 and 31936?
499
What is the highest common divisor of 2590791 and 4494?
2247
Calculate the greatest common divisor of 1879216 and 4556.
268
Calculate the greatest common divisor of 757415 and 40.
5
What is the highest common divisor of 146155828 and 9044?
532
Calculate the highest common divisor of 17395263 and 86.
43
Calculate the highest common factor of 241989 and 33.
33
Calculate the highest common factor of 2079 and 11235147.
231
Calculate the highest common divisor of 11998 and 23394.
14
What is the greatest common factor of 6094 and 8878276?
22
What is the greatest common divisor of 39128 and 1129456?
584
Calculate the greatest common divisor of 803624 and 36856.
136
Calculate the highest common divisor of 2362173 and 494769.
1551
What is the highest common factor of 3183976 and 14828?
1348
Calculate the highest common factor of 18504 and 389016.
72
Calculate the highest common factor of 28 and 278439.
7
What is the greatest common factor of 1162262 and 54578?
58
Calculate the highest common divisor of 245470 and 490.
10
Calculate the greatest common factor of 10060 and 1543560.
20
Calculate the greatest common factor of 107229 and 1321338.
3459
Calculate the highest common divisor of 26 and 26888758.
26
Calculate the highest common factor of 97020 and 762090.
210
What is the greatest common factor of 5397 and 1026715?
257
Calculate the highest common divisor of 1692670 and 19120.
10
Calculate the highest common divisor of 398866 and 115391.
667
Calculate the greatest common factor of 33768 and 12700386.
1206
What is the highest common factor of 632706 and 12?
6
What is the highest common factor of 2390 and 3857823280?
2390
Calculate the highest common factor of 208 and 135674864.
208
Calculate the highest common divisor of 1007 and 15865.
19
What is the highest common factor of 151612 and 626748?
116
Calculate the greatest common divisor of 138547600 and 32.
16
Calculate the highest common factor of 9646 and 160849.
13
What is the highest common divisor of 13420 and 77613899?
671
Calculate the highest common factor of 199887445 and 10.
5
Calculate the highest common divisor of 612 and 41101290.
18
Calculate the highest common divisor of 176333878 and 1526.
1526
What is the highest common factor of 35611 and 7196700?
149
Calculate the greatest common factor of 39029074 and 52934.
2786
Calculate the highest common factor of